{"id":42,"date":"2020-10-28T19:02:33","date_gmt":"2020-10-28T17:02:33","guid":{"rendered":"http:\/\/vesalanrengas.fi\/henkiloautot\/?page_id=42"},"modified":"2024-04-06T13:01:57","modified_gmt":"2024-04-06T10:01:57","slug":"palvelut","status":"publish","type":"page","link":"https:\/\/vesalanrengas.fi\/henkiloautot\/palvelut\/","title":{"rendered":"Palvelut"},"content":{"rendered":"<div id=\"pl-42\"  class=\"panel-layout\" ><div id=\"pg-42-0\"  class=\"panel-grid panel-no-style\" ><div id=\"pgc-42-0-0\"  class=\"panel-grid-cell\" ><div id=\"panel-42-0-0-0\" class=\"so-panel widget widget_sow-editor panel-first-child panel-last-child\" data-index=\"0\" ><div class=\"panel-widget-style panel-widget-style-for-42-0-0-0\" ><div\n\t\t\t\n\t\t\tclass=\"so-widget-sow-editor so-widget-sow-editor-base\"\n\t\t\t\n\t\t><h3 class=\"widget-title\">Henkil\u00f6autot<\/h3>\n<div class=\"siteorigin-widget-tinymce textwidget\">\n\t<ul class=\"clearfix bold\">\n<li><span style=\"color: #000000;\">Rengasmyynti<\/span><\/li>\n<li><span style=\"color: #000000;\">Asennus ja tasapainotus<\/span><\/li>\n<li><span style=\"color: #000000;\">Pesut ja korjaukset<\/span><\/li>\n<\/ul>\n<p><span style=\"color: #000000;\">Valikoimistamme l\u00f6yd\u00e4t eri valmistajilta rengas-sarjoja, pareja tai yksitt\u00e4isi\u00e4 renkaita, jokaiselle l\u00f6ytyy jotakin. Valikoimista l\u00f6ytyy my\u00f6s pakettiautojen renkaita. Meilt\u00e4 l\u00f6ytyy lis\u00e4ksi my\u00f6s erikoiskokoja ja vanteita. Jos haluat panostaa autosi ulkon\u00e4k\u00f6\u00f6n, meilt\u00e4 l\u00f6ytyy my\u00f6s erikoisvanteita.<\/span><br \/>\n<span style=\"color: #000000;\">Teemme autojen kausirenkaiden vaihtoja, uusien renkaiden asennuksia ja renkaiden vanteille asennuksia. Tarpeen vaatiessa korjaamme my\u00f6s renkaita.<\/span><\/p>\n<p><span style=\"color: #000000;\">Kysy my\u00f6s moottoripy\u00f6rien, mopojen ja mopoautojen renkaita.<\/span><\/p>\n<\/div>\n<\/div><\/div><\/div><\/div><\/div><div id=\"pg-42-1\"  class=\"panel-grid panel-has-style\" ><div style=\"background-color: #cedc00; color: #111111; \" class=\"panel-row-style panel-row-style-for-42-1\" ><div id=\"pgc-42-1-0\"  class=\"panel-grid-cell\" ><div id=\"panel-42-1-0-0\" class=\"so-panel widget widget_sow-editor panel-first-child panel-last-child\" data-index=\"1\" ><div\n\t\t\t\n\t\t\tclass=\"so-widget-sow-editor so-widget-sow-editor-base\"\n\t\t\t\n\t\t>\n<div class=\"siteorigin-widget-tinymce textwidget\">\n\t<h2 style=\"text-align: center;\">PALVELEMME Ma-Pe 8-17<br \/>\n(sesonkiaikoina my\u00f6s La 9-14)<\/h2>\n<\/div>\n<\/div><\/div><\/div><\/div><\/div><div id=\"pg-42-2\"  class=\"panel-grid panel-has-style\" ><div style=\"background-color: #111111; color: #111111; \" class=\"panel-row-style panel-row-style-for-42-2\" ><div id=\"pgc-42-2-0\"  class=\"panel-grid-cell\" ><div id=\"panel-42-2-0-0\" class=\"so-panel widget widget_sow-image panel-first-child panel-last-child\" data-index=\"2\" ><div\n\t\t\t\n\t\t\tclass=\"so-widget-sow-image so-widget-sow-image-default-8b5b6f678277-42\"\n\t\t\t\n\t\t>\n<div class=\"sow-image-container\">\n\t\t<img \n\tsrc=\"https:\/\/vesalanrengas.fi\/henkiloautot\/wp-content\/uploads\/sites\/3\/2020\/10\/rengas-banner7.png\" width=\"960\" height=\"135\" srcset=\"https:\/\/vesalanrengas.fi\/henkiloautot\/wp-content\/uploads\/sites\/3\/2020\/10\/rengas-banner7.png 960w, https:\/\/vesalanrengas.fi\/henkiloautot\/wp-content\/uploads\/sites\/3\/2020\/10\/rengas-banner7-300x42.png 300w, https:\/\/vesalanrengas.fi\/henkiloautot\/wp-content\/uploads\/sites\/3\/2020\/10\/rengas-banner7-768x108.png 768w, https:\/\/vesalanrengas.fi\/henkiloautot\/wp-content\/uploads\/sites\/3\/2020\/10\/rengas-banner7-750x105.png 750w, https:\/\/vesalanrengas.fi\/henkiloautot\/wp-content\/uploads\/sites\/3\/2020\/10\/rengas-banner7-400x56.png 400w, https:\/\/vesalanrengas.fi\/henkiloautot\/wp-content\/uploads\/sites\/3\/2020\/10\/rengas-banner7-430x60.png 430w, https:\/\/vesalanrengas.fi\/henkiloautot\/wp-content\/uploads\/sites\/3\/2020\/10\/rengas-banner7-150x21.png 150w, https:\/\/vesalanrengas.fi\/henkiloautot\/wp-content\/uploads\/sites\/3\/2020\/10\/rengas-banner7-100x14.png 100w\" sizes=\"(max-width: 960px) 100vw, 960px\" alt=\"\" \t\tclass=\"so-widget-image\"\/>\n\t<\/div>\n\n<\/div><\/div><\/div><\/div><\/div><\/div>","protected":false},"excerpt":{"rendered":"<p>Rengasmyynti Asennus ja tasapainotus Pesut ja korjaukset Valikoimistamme l\u00f6yd\u00e4t eri valmistajilta rengas-sarjoja, pareja tai yksitt\u00e4isi\u00e4 renkaita, jokaiselle l\u00f6ytyy jotakin. Valikoimista l\u00f6ytyy my\u00f6s pakettiautojen renkaita. Meilt\u00e4 l\u00f6ytyy lis\u00e4ksi my\u00f6s erikoiskokoja ja [&hellip;]<\/p>\n","protected":false},"author":1,"featured_media":0,"parent":0,"menu_order":0,"comment_status":"closed","ping_status":"closed","template":"page_front-page.php","meta":{"footnotes":""},"class_list":["post-42","page","type-page","status-publish","hentry"],"_links":{"self":[{"href":"https:\/\/vesalanrengas.fi\/henkiloautot\/wp-json\/wp\/v2\/pages\/42","targetHints":{"allow":["GET"]}}],"collection":[{"href":"https:\/\/vesalanrengas.fi\/henkiloautot\/wp-json\/wp\/v2\/pages"}],"about":[{"href":"https:\/\/vesalanrengas.fi\/henkiloautot\/wp-json\/wp\/v2\/types\/page"}],"author":[{"embeddable":true,"href":"https:\/\/vesalanrengas.fi\/henkiloautot\/wp-json\/wp\/v2\/users\/1"}],"replies":[{"embeddable":true,"href":"https:\/\/vesalanrengas.fi\/henkiloautot\/wp-json\/wp\/v2\/comments?post=42"}],"version-history":[{"count":12,"href":"https:\/\/vesalanrengas.fi\/henkiloautot\/wp-json\/wp\/v2\/pages\/42\/revisions"}],"predecessor-version":[{"id":349,"href":"https:\/\/vesalanrengas.fi\/henkiloautot\/wp-json\/wp\/v2\/pages\/42\/revisions\/349"}],"wp:attachment":[{"href":"https:\/\/vesalanrengas.fi\/henkiloautot\/wp-json\/wp\/v2\/media?parent=42"}],"curies":[{"name":"wp","href":"https:\/\/api.w.org\/{rel}","templated":true}]}}