{"id":19,"date":"2020-10-27T22:33:05","date_gmt":"2020-10-27T20:33:05","guid":{"rendered":"http:\/\/vesalanrengas.fi\/raskaskalusto\/?page_id=19"},"modified":"2024-04-06T13:04:37","modified_gmt":"2024-04-06T10:04:37","slug":"etusivu","status":"publish","type":"page","link":"http:\/\/vesalanrengas.fi\/raskaskalusto\/","title":{"rendered":"Etusivu"},"content":{"rendered":"<div id=\"pl-19\"  class=\"panel-layout\" ><div id=\"pg-19-0\"  class=\"panel-grid panel-has-style\" ><div class=\"panel-row-style panel-row-style-for-19-0\" ><div id=\"pgc-19-0-0\"  class=\"panel-grid-cell\" ><div id=\"panel-19-0-0-0\" class=\"so-panel widget widget_sow-editor panel-first-child panel-last-child\" data-index=\"0\" ><div\n\t\t\t\n\t\t\tclass=\"so-widget-sow-editor so-widget-sow-editor-base\"\n\t\t\t\n\t\t>\n<div class=\"siteorigin-widget-tinymce textwidget\">\n\t<p style=\"text-align: center;\">Vesalan Rengas on Hollolassa toimiva yritys, joka myy renkaita ja tarjoaa renkaiden kausis\u00e4ilytyst\u00e4, rengast\u00f6it\u00e4 sek\u00e4 rengasasennuksia.<\/p>\n<p style=\"text-align: center;\">Saat meilt\u00e4 tarvitsemasi rengashuollot, uudet renkaat, renkaiden kausis\u00e4ilytykset sek\u00e4 rengasty\u00f6t.<\/p>\n<\/div>\n<\/div><\/div><\/div><\/div><\/div><div id=\"pg-19-1\"  class=\"panel-grid panel-has-style\" ><div class=\"siteorigin-panels-stretch panel-row-style panel-row-style-for-19-1\" data-stretch-type=\"full-width-stretch\" ><div id=\"pgc-19-1-0\"  class=\"panel-grid-cell\" ><div id=\"panel-19-1-0-0\" class=\"so-panel widget widget_media_image panel-first-child panel-last-child\" data-index=\"1\" ><img loading=\"lazy\" decoding=\"async\" width=\"2180\" height=\"1299\" src=\"http:\/\/vesalanrengas.fi\/raskaskalusto\/wp-content\/uploads\/sites\/2\/2020\/12\/jkj-raskas-kalusto-2020b-WEB.jpg\" class=\"image wp-image-187  attachment-full size-full\" alt=\"\" style=\"max-width: 100%; height: auto;\" srcset=\"http:\/\/vesalanrengas.fi\/raskaskalusto\/wp-content\/uploads\/sites\/2\/2020\/12\/jkj-raskas-kalusto-2020b-WEB.jpg 2180w, http:\/\/vesalanrengas.fi\/raskaskalusto\/wp-content\/uploads\/sites\/2\/2020\/12\/jkj-raskas-kalusto-2020b-WEB-300x179.jpg 300w, http:\/\/vesalanrengas.fi\/raskaskalusto\/wp-content\/uploads\/sites\/2\/2020\/12\/jkj-raskas-kalusto-2020b-WEB-1024x610.jpg 1024w, http:\/\/vesalanrengas.fi\/raskaskalusto\/wp-content\/uploads\/sites\/2\/2020\/12\/jkj-raskas-kalusto-2020b-WEB-768x458.jpg 768w, http:\/\/vesalanrengas.fi\/raskaskalusto\/wp-content\/uploads\/sites\/2\/2020\/12\/jkj-raskas-kalusto-2020b-WEB-1536x915.jpg 1536w, http:\/\/vesalanrengas.fi\/raskaskalusto\/wp-content\/uploads\/sites\/2\/2020\/12\/jkj-raskas-kalusto-2020b-WEB-2048x1220.jpg 2048w, http:\/\/vesalanrengas.fi\/raskaskalusto\/wp-content\/uploads\/sites\/2\/2020\/12\/jkj-raskas-kalusto-2020b-WEB-750x447.jpg 750w, http:\/\/vesalanrengas.fi\/raskaskalusto\/wp-content\/uploads\/sites\/2\/2020\/12\/jkj-raskas-kalusto-2020b-WEB-400x238.jpg 400w, http:\/\/vesalanrengas.fi\/raskaskalusto\/wp-content\/uploads\/sites\/2\/2020\/12\/jkj-raskas-kalusto-2020b-WEB-430x256.jpg 430w, http:\/\/vesalanrengas.fi\/raskaskalusto\/wp-content\/uploads\/sites\/2\/2020\/12\/jkj-raskas-kalusto-2020b-WEB-150x89.jpg 150w, http:\/\/vesalanrengas.fi\/raskaskalusto\/wp-content\/uploads\/sites\/2\/2020\/12\/jkj-raskas-kalusto-2020b-WEB-100x60.jpg 100w\" sizes=\"auto, (max-width: 2180px) 100vw, 2180px\" \/><\/div><\/div><\/div><\/div><div id=\"pg-19-2\"  class=\"panel-grid panel-no-style\" ><div id=\"pgc-19-2-0\"  class=\"panel-grid-cell\" ><div id=\"panel-19-2-0-0\" class=\"so-panel widget widget_moesia_services moesia_services_widget panel-first-child panel-last-child\" data-index=\"2\" >\t\t<section id=\"services\" class=\"services-area\">\n\t\t\t<div class=\"container\">\n\t\t\t\t<h3 class=\"widget-title\"><span class=\"wow bounce\">T\u00e4yden palvelun rengasliike<\/span><\/h3>\t\t\t\t\t\t\t\t\t\t\t\t\t\t\t\t\t\t\t<div class=\"service col-md-4 col-sm-6 col-xs-6\">\n\t\t\t\t\t\t\t\t\t\t\t\t\t\t\t\t\t\t\t\t<span class=\"service-icon wow zoomInDown\"><i class=\"fa fa-bus\"><\/i><\/span>\t\t\t\t\t\t\t\t\t\t\t\t<h4 class=\"service-title wow fadeInUp\"><a href=\"https:\/\/vesalanrengas.fi\/raskaskalusto\/yhteystiedot\/\">Rengasty\u00f6t ja asennukset<\/a><\/h4><div class=\"service-desc wow fadeInUp\">Teet\u00e4 rengasty\u00f6si meill\u00e4 ja s\u00e4\u00e4st\u00e4t aikaa, vaivaa ja rahaa. Ota yhteytt\u00e4 puhelimitse, s\u00e4hk\u00f6postilla tai tule k\u00e4ym\u00e4\u00e4n.<\/div>\t\t\t\t\t<\/div>\n\t\t\t\t\t\t\t\t\t\t\t\t\t\t\t\t\t\t\t<div class=\"service col-md-4 col-sm-6 col-xs-6\">\n\t\t\t\t\t\t\t\t\t\t\t\t\t\t\t\t\t\t\t\t<span class=\"service-icon wow zoomInDown\"><i class=\"fa fa-life-saver\"><\/i><\/span>\t\t\t\t\t\t\t\t\t\t\t\t<h4 class=\"service-title wow fadeInUp\"><a href=\"https:\/\/vesalanrengas.fi\/raskaskalusto\/yhteystiedot\/\">Renkaiden kausis\u00e4ilytys<\/a><\/h4><div class=\"service-desc wow fadeInUp\">Tarjoamme renkaiden kausis\u00e4ilytyst\u00e4 (rengashotelli) edulliseen kausihintaan. Ota yhteytt\u00e4 puhelimella, s\u00e4hk\u00f6postitse tai tule k\u00e4ym\u00e4\u00e4n.<\/div>\t\t\t\t\t<\/div>\n\t\t\t\t\t\t\t\t\t\t\t\t\t\t\t\t\t\t\t<div class=\"service col-md-4 col-sm-6 col-xs-6\">\n\t\t\t\t\t\t\t\t\t\t\t\t\t\t\t\t\t\t\t\t<span class=\"service-icon wow zoomInDown\"><i class=\"fa fa-truck\"><\/i><\/span>\t\t\t\t\t\t\t\t\t\t\t\t<h4 class=\"service-title wow fadeInUp\"><a href=\"https:\/\/vesalanrengas.fi\/raskaskalusto\/yhteystiedot\/\">Rengasmyynti<\/a><\/h4><div class=\"service-desc wow fadeInUp\">Meilt\u00e4 saat haluamasti ja tarvitsemasi renkaat. Ota yhteytt\u00e4 puhelimella, s\u00e4hk\u00f6postilla tai tule k\u00e4ym\u00e4\u00e4n. T\u00e4\u00e4lt\u00e4 l\u00f6yd\u00e4t rengasmallimme kuorma-autoihin.<\/div>\t\t\t\t\t<\/div>\n\t\t\t\t\t\t\t<\/div>\n\t\t\t\t\t\t\t\t\t\n\t\t<\/section>\t\t\n\t<\/div><\/div><\/div><div id=\"pg-19-3\"  class=\"panel-grid panel-has-style\" ><div style=\"background-color: #cedc00; color: #111111; \" class=\"panel-row-style panel-row-style-for-19-3\" ><div id=\"pgc-19-3-0\"  class=\"panel-grid-cell\" ><div id=\"panel-19-3-0-0\" class=\"so-panel widget widget_sow-editor panel-first-child panel-last-child\" data-index=\"3\" ><div class=\"panel-widget-style panel-widget-style-for-19-3-0-0\" ><div\n\t\t\t\n\t\t\tclass=\"so-widget-sow-editor so-widget-sow-editor-base\"\n\t\t\t\n\t\t>\n<div class=\"siteorigin-widget-tinymce textwidget\">\n\t<h2 style=\"text-align: center;\">PALVELEMME Ma-Pe 8-17<\/h2>\n<\/div>\n<\/div><\/div><\/div><\/div><\/div><\/div><div id=\"pg-19-4\"  class=\"panel-grid panel-has-style\" ><div style=\"background-color: #111111; \" class=\"panel-row-style panel-row-style-for-19-4\" ><div id=\"pgc-19-4-0\"  class=\"panel-grid-cell\" ><div id=\"panel-19-4-0-0\" class=\"so-panel widget widget_sow-image panel-first-child panel-last-child\" data-index=\"4\" ><div class=\"panel-widget-style panel-widget-style-for-19-4-0-0\" ><div\n\t\t\t\n\t\t\tclass=\"so-widget-sow-image so-widget-sow-image-default-8b5b6f678277-38\"\n\t\t\t\n\t\t>\n<div class=\"sow-image-container\">\n\t\t<img \n\tsrc=\"http:\/\/vesalanrengas.fi\/raskaskalusto\/wp-content\/uploads\/sites\/2\/2020\/10\/rengas-banner7.png\" width=\"960\" height=\"135\" srcset=\"http:\/\/vesalanrengas.fi\/raskaskalusto\/wp-content\/uploads\/sites\/2\/2020\/10\/rengas-banner7.png 960w, http:\/\/vesalanrengas.fi\/raskaskalusto\/wp-content\/uploads\/sites\/2\/2020\/10\/rengas-banner7-300x42.png 300w, http:\/\/vesalanrengas.fi\/raskaskalusto\/wp-content\/uploads\/sites\/2\/2020\/10\/rengas-banner7-768x108.png 768w, http:\/\/vesalanrengas.fi\/raskaskalusto\/wp-content\/uploads\/sites\/2\/2020\/10\/rengas-banner7-750x105.png 750w, http:\/\/vesalanrengas.fi\/raskaskalusto\/wp-content\/uploads\/sites\/2\/2020\/10\/rengas-banner7-400x56.png 400w, http:\/\/vesalanrengas.fi\/raskaskalusto\/wp-content\/uploads\/sites\/2\/2020\/10\/rengas-banner7-430x60.png 430w, http:\/\/vesalanrengas.fi\/raskaskalusto\/wp-content\/uploads\/sites\/2\/2020\/10\/rengas-banner7-150x21.png 150w, http:\/\/vesalanrengas.fi\/raskaskalusto\/wp-content\/uploads\/sites\/2\/2020\/10\/rengas-banner7-100x14.png 100w\" sizes=\"(max-width: 960px) 100vw, 960px\" alt=\"\" \t\tclass=\"so-widget-image\"\/>\n\t<\/div>\n\n<\/div><\/div><\/div><\/div><\/div><\/div><\/div>","protected":false},"excerpt":{"rendered":"<p>Vesalan Rengas on Hollolassa toimiva yritys, joka myy renkaita ja tarjoaa renkaiden kausis\u00e4ilytyst\u00e4, rengast\u00f6it\u00e4 sek\u00e4 rengasasennuksia. Saat meilt\u00e4 tarvitsemasi rengashuollot, uudet renkaat, renkaiden kausis\u00e4ilytykset sek\u00e4 rengasty\u00f6t. PALVELEMME Ma-Pe 8-17<\/p>\n","protected":false},"author":1,"featured_media":0,"parent":0,"menu_order":0,"comment_status":"closed","ping_status":"closed","template":"page_front-page.php","meta":{"footnotes":""},"class_list":["post-19","page","type-page","status-publish","hentry"],"_links":{"self":[{"href":"http:\/\/vesalanrengas.fi\/raskaskalusto\/wp-json\/wp\/v2\/pages\/19","targetHints":{"allow":["GET"]}}],"collection":[{"href":"http:\/\/vesalanrengas.fi\/raskaskalusto\/wp-json\/wp\/v2\/pages"}],"about":[{"href":"http:\/\/vesalanrengas.fi\/raskaskalusto\/wp-json\/wp\/v2\/types\/page"}],"author":[{"embeddable":true,"href":"http:\/\/vesalanrengas.fi\/raskaskalusto\/wp-json\/wp\/v2\/users\/1"}],"replies":[{"embeddable":true,"href":"http:\/\/vesalanrengas.fi\/raskaskalusto\/wp-json\/wp\/v2\/comments?post=19"}],"version-history":[{"count":44,"href":"http:\/\/vesalanrengas.fi\/raskaskalusto\/wp-json\/wp\/v2\/pages\/19\/revisions"}],"predecessor-version":[{"id":310,"href":"http:\/\/vesalanrengas.fi\/raskaskalusto\/wp-json\/wp\/v2\/pages\/19\/revisions\/310"}],"wp:attachment":[{"href":"http:\/\/vesalanrengas.fi\/raskaskalusto\/wp-json\/wp\/v2\/media?parent=19"}],"curies":[{"name":"wp","href":"https:\/\/api.w.org\/{rel}","templated":true}]}}