{"id":54,"date":"2020-10-28T19:15:02","date_gmt":"2020-10-28T17:15:02","guid":{"rendered":"http:\/\/vesalanrengas.fi\/henkiloautot\/?page_id=54"},"modified":"2024-04-06T13:03:19","modified_gmt":"2024-04-06T10:03:19","slug":"yhteystiedot","status":"publish","type":"page","link":"http:\/\/vesalanrengas.fi\/henkiloautot\/yhteystiedot\/","title":{"rendered":"Yhteystiedot"},"content":{"rendered":"<div id=\"pl-54\"  class=\"panel-layout\" ><div id=\"pg-54-0\"  class=\"panel-grid panel-no-style\" ><div id=\"pgc-54-0-0\"  class=\"panel-grid-cell\" ><div id=\"panel-54-0-0-0\" class=\"so-panel widget widget_sow-editor panel-first-child panel-last-child\" data-index=\"0\" ><div\n\t\t\t\n\t\t\tclass=\"so-widget-sow-editor so-widget-sow-editor-base\"\n\t\t\t\n\t\t>\n<div class=\"siteorigin-widget-tinymce textwidget\">\n\t<h3><span style=\"color: #cedc00;\">Henkil\u00f6ajoneuvot:<\/span><\/h3>\n<p>RengarCenter Hollola - Vesalan Rengas<br \/>\nTarmontie 3, 15860 Hollola<\/p>\n<p>Puh: <a href=\"tel:+358408616099\">+358408616099<\/a><br \/>\n<a href=\"mailto:toimisto@vesalanrengas.fi\">toimisto@vesalanrengas.fi<\/a><\/p>\n<h3><span style=\"color: #cedc00;\">Raskas kalusto:<\/span><\/h3>\n<p>Rengassupantie 1, 15880 Hollola<br \/>\nPuh: <a href=\"tel:+358449755723\">+358449755723<\/a><br \/>\n<a href=\"mailto:raskas@vesalanrengas.fi\">raskas@vesalanrengas.fi<\/a><\/p>\n<p><strong>Y-tunnus: 3174679-6<\/strong><\/p>\n<p>Aukioloajat:<br \/>\nMa - Pe: 8:00 - 17:00<br \/>\n(sesonkiaikoina La: 9:00 - 14:00)<br \/>\nSu: Suljettu<\/p>\n<p><a href=\"https:\/\/vesalanrengas.fi\/henkiloautot\/verkkosivujen-tietosuojakaytanto\/\">Verkkosivujen tietosuojak\u00e4yt\u00e4nt\u00f6<\/a><\/p>\n<p><a href=\"https:\/\/vesalanrengas.fi\/henkiloautot\/privacy-policy\/\">Privacy Policy<\/a><\/p>\n<\/div>\n<\/div><\/div><\/div><\/div><div id=\"pg-54-1\"  class=\"panel-grid panel-no-style\" ><div id=\"pgc-54-1-0\"  class=\"panel-grid-cell\" ><div id=\"panel-54-1-0-0\" class=\"so-panel widget widget_sow-google-map panel-first-child panel-last-child\" data-index=\"1\" ><div\n\t\t\t\n\t\t\tclass=\"so-widget-sow-google-map so-widget-sow-google-map-default-6b23895f316e-54\"\n\t\t\t\n\t\t>\n<div class=\"sow-google-map-canvas\"\n\tstyle=\"\"\n\tid=\"map-canvas-353462dd6f0a56c758b3120d1eb366e7\"\n\tdata-options=\"{&quot;address&quot;:&quot;Tarmontie 3, 15860 Hollola&quot;,&quot;zoom&quot;:12,&quot;mobileZoom&quot;:12,&quot;gestureHandling&quot;:&quot;greedy&quot;,&quot;disableUi&quot;:false,&quot;markerIcon&quot;:false,&quot;markersDraggable&quot;:false,&quot;markerAtCenter&quot;:true,&quot;markerInfoDisplay&quot;:&quot;click&quot;,&quot;markerInfoMultiple&quot;:true,&quot;markerPositions&quot;:false,&quot;mapName&quot;:false,&quot;mapStyles&quot;:false,&quot;directions&quot;:&quot;&quot;,&quot;apiKey&quot;:&quot;AIzaSyArBo7NDVnbNs27pmwmVhWTAbv-LLF3Fbg&quot;,&quot;breakpoint&quot;:780,&quot;id&quot;:&quot;69f2db&quot;}\"\n\tdata-fallback-image=\"{&quot;img&quot;:&quot;&quot;}\"><\/div>\n<\/div><\/div><\/div><\/div><div id=\"pg-54-2\"  class=\"panel-grid panel-has-style\" ><div style=\"background-color: #cedc00; color: #111111; \" class=\"panel-row-style panel-row-style-for-54-2\" ><div id=\"pgc-54-2-0\"  class=\"panel-grid-cell\" ><div id=\"panel-54-2-0-0\" class=\"so-panel widget widget_sow-editor panel-first-child panel-last-child\" data-index=\"2\" ><div\n\t\t\t\n\t\t\tclass=\"so-widget-sow-editor so-widget-sow-editor-base\"\n\t\t\t\n\t\t>\n<div class=\"siteorigin-widget-tinymce textwidget\">\n\t<\/div>\n<\/div><\/div><\/div><\/div><\/div><div id=\"pg-54-3\"  class=\"panel-grid panel-has-style\" ><div style=\"background-color: #cedc00; color: #111111; \" class=\"panel-row-style panel-row-style-for-54-3\" ><div id=\"pgc-54-3-0\"  class=\"panel-grid-cell\" ><div id=\"panel-54-3-0-0\" class=\"so-panel widget widget_sow-editor panel-first-child panel-last-child\" data-index=\"3\" ><div\n\t\t\t\n\t\t\tclass=\"so-widget-sow-editor so-widget-sow-editor-base\"\n\t\t\t\n\t\t>\n<div class=\"siteorigin-widget-tinymce textwidget\">\n\t<h2 style=\"text-align: center;\">PALVELEMME Ma-Pe 8-17<\/h2>\n<h2 style=\"text-align: center;\">(sesonkiaikoina my\u00f6s La 9-14)<\/h2>\n<\/div>\n<\/div><\/div><\/div><\/div><\/div><div id=\"pg-54-4\"  class=\"panel-grid panel-has-style\" ><div style=\"background-color: #111111; color: #111111; \" class=\"panel-row-style panel-row-style-for-54-4\" ><div id=\"pgc-54-4-0\"  class=\"panel-grid-cell\" ><div id=\"panel-54-4-0-0\" class=\"so-panel widget widget_sow-image panel-first-child panel-last-child\" data-index=\"4\" ><div\n\t\t\t\n\t\t\tclass=\"so-widget-sow-image so-widget-sow-image-default-8b5b6f678277-54\"\n\t\t\t\n\t\t>\n<div class=\"sow-image-container\">\n\t\t<img \n\tsrc=\"http:\/\/vesalanrengas.fi\/henkiloautot\/wp-content\/uploads\/sites\/3\/2020\/10\/rengas-banner7.png\" width=\"960\" height=\"135\" srcset=\"http:\/\/vesalanrengas.fi\/henkiloautot\/wp-content\/uploads\/sites\/3\/2020\/10\/rengas-banner7.png 960w, http:\/\/vesalanrengas.fi\/henkiloautot\/wp-content\/uploads\/sites\/3\/2020\/10\/rengas-banner7-300x42.png 300w, http:\/\/vesalanrengas.fi\/henkiloautot\/wp-content\/uploads\/sites\/3\/2020\/10\/rengas-banner7-768x108.png 768w, http:\/\/vesalanrengas.fi\/henkiloautot\/wp-content\/uploads\/sites\/3\/2020\/10\/rengas-banner7-750x105.png 750w, http:\/\/vesalanrengas.fi\/henkiloautot\/wp-content\/uploads\/sites\/3\/2020\/10\/rengas-banner7-400x56.png 400w, http:\/\/vesalanrengas.fi\/henkiloautot\/wp-content\/uploads\/sites\/3\/2020\/10\/rengas-banner7-430x60.png 430w, http:\/\/vesalanrengas.fi\/henkiloautot\/wp-content\/uploads\/sites\/3\/2020\/10\/rengas-banner7-150x21.png 150w, http:\/\/vesalanrengas.fi\/henkiloautot\/wp-content\/uploads\/sites\/3\/2020\/10\/rengas-banner7-100x14.png 100w\" sizes=\"(max-width: 960px) 100vw, 960px\" alt=\"\" \t\tclass=\"so-widget-image\"\/>\n\t<\/div>\n\n<\/div><\/div><\/div><\/div><\/div><\/div>","protected":false},"excerpt":{"rendered":"<p>Henkil\u00f6ajoneuvot: RengarCenter Hollola &#8211; Vesalan Rengas Tarmontie 3, 15860 Hollola Puh: +358408616099 toimisto@vesalanrengas.fi Raskas kalusto: Rengassupantie 1, 15880 Hollola Puh: +358449755723 raskas@vesalanrengas.fi Y-tunnus: 3174679-6 Aukioloajat: Ma &#8211; Pe: 8:00 &#8211; [&hellip;]<\/p>\n","protected":false},"author":1,"featured_media":0,"parent":0,"menu_order":0,"comment_status":"closed","ping_status":"closed","template":"page_front-page.php","meta":{"footnotes":""},"class_list":["post-54","page","type-page","status-publish","hentry"],"_links":{"self":[{"href":"http:\/\/vesalanrengas.fi\/henkiloautot\/wp-json\/wp\/v2\/pages\/54","targetHints":{"allow":["GET"]}}],"collection":[{"href":"http:\/\/vesalanrengas.fi\/henkiloautot\/wp-json\/wp\/v2\/pages"}],"about":[{"href":"http:\/\/vesalanrengas.fi\/henkiloautot\/wp-json\/wp\/v2\/types\/page"}],"author":[{"embeddable":true,"href":"http:\/\/vesalanrengas.fi\/henkiloautot\/wp-json\/wp\/v2\/users\/1"}],"replies":[{"embeddable":true,"href":"http:\/\/vesalanrengas.fi\/henkiloautot\/wp-json\/wp\/v2\/comments?post=54"}],"version-history":[{"count":28,"href":"http:\/\/vesalanrengas.fi\/henkiloautot\/wp-json\/wp\/v2\/pages\/54\/revisions"}],"predecessor-version":[{"id":352,"href":"http:\/\/vesalanrengas.fi\/henkiloautot\/wp-json\/wp\/v2\/pages\/54\/revisions\/352"}],"wp:attachment":[{"href":"http:\/\/vesalanrengas.fi\/henkiloautot\/wp-json\/wp\/v2\/media?parent=54"}],"curies":[{"name":"wp","href":"https:\/\/api.w.org\/{rel}","templated":true}]}}